Is j(-5) a composite number?
False
Suppose -662603 = -22*q + 540819. Is q prime?
False
Let v be (-1)/(2 - 14/4)*198. Suppose -3*z - v - 12 = 0. Let c = z + 197. Is c a prime number?
True
Suppose 5*a + 2*t + 85 = 0, 4*a = 2*t - 18 - 50. Is (-16 - a)*(6388 + 1) a composite number?
False
Let f(r) = 386*r**3 - 2*r**2 - 4. Let d be f(2). Suppose 4*k - d = -4*i - 0*i, 0 = 5*k + 3*i - 3845. Is k a composite number?
False
Let r = 67917 - 34436. Is r a prime number?
False
Suppose 4*n = -2*x + 883884, -213740 = -2*n + 4*x + 228222. Is n a prime number?
True
Suppose -23*n - 2419763 = -60*n. Is n a composite number?
True
Suppose -4*u + 75865 - 34644 = -57271. Is u a prime number?
True
Suppose -4*f - 2*n = -80, 4*f + 4*n = 105 - 29. Let t be 49 - -2*(f/(-6))/(-7). Suppose -q = -t - 65. Is q a composite number?
True
Suppose j + 4 = 2*d, -15 = -4*j - 3*d + 2. Suppose j*r - 5*b = -1987, -4*r + 2*r - 1986 = -4*b. Is (-8)/(-12) - 4/(12/r) a composite number?
False
Suppose 2*r + 60 = 12*r. Suppose -5851 = r*a + 28451. Let t = a - -8580. Is t composite?
True
Let g = -859352 - -1245355. Is g prime?
False
Let h(c) = 3302*c + 71. Let x(g) = 2201*g + 48. Let p(l) = 5*h(l) - 7*x(l). Is p(6) a prime number?
True
Suppose 24 = -4*s + 2*k + 2*k, -6 = 5*s + 3*k. Let u be (-100)/(-36) + s + (-116)/(-36). Suppose 4*a = -2*i - 879 + 8167, -5*a - u*i = -9109. Is a composite?
False
Let f(i) = -265*i - 161. Let j = -617 - -587. Is f(j) a prime number?
True
Let k(z) = -47*z + 16*z**2 + 17*z + 6 + 0*z**2 - 17 - z**3. Is k(-18) prime?
False
Let i = -8344 + 104397. Is i prime?
True
Suppose 0 = 2*s + 3*s - 3*o - 32, -2*o - 24 = -4*s. Is (-369)/(-108)*s*51 composite?
True
Suppose -6726 = b - 0*b. Suppose 3*c - 40490 = -5*q, q - 6754 = -4*c + 47227. Let y = c + b. Is y prime?
False
Let c(l) = -l**2 - 5*l + 40. Let u be c(12). Let d = 186 + u. Is d prime?
False
Let n(j) = j**2 - 6*j + 2. Let i be n(0). Suppose 4423 = 4*t + i*u + 1389, 2*u = 6. Is t a prime number?
True
Let c(t) = 14*t**2 - 11*t - 38. Let l be c(11). Suppose -15*h = -14*h - l. Is h a composite number?
True
Suppose 6*c - 12 = 9*c. Let g be 6/((-3)/32*c). Is -1151*(9/(-8) - (-2)/g) composite?
False
Let l be (-560)/21*(-60)/50. Let m(b) = 72*b - 259. Is m(l) a prime number?
False
Suppose 0 = -46*i + 24*i - 24*i + 6935006. Is i prime?
False
Let m(u) = -u**3 - 10*u**2 - 12*u - 12. Let f be m(-8). Let h = f - -44. Suppose -4*n + 1113 + 1171 = h. Is n composite?
False
Let z(s) = -3 + 436*s**2 + 6 - 83*s**2. Suppose 25*q = -38*q - 126. Is z(q) a prime number?
False
Let y(l) = 4*l**2 + 2 + 8*l - 5*l**2 - 4*l**2 + 13*l + l**3. Is y(19) a composite number?
True
Let m(r) = 13*r**3 + 19*r**2 + 32*r + 19. Is m(11) a prime number?
True
Let t(o) = -14 - 5 - 25 + 12 + 807*o. Is t(3) a composite number?
False
Let u(l) = 25 - 41*l - 127*l - 10 - 14. Suppose 2*q + 5*b + 17 = -q, 3*q - 3*b = -9. Is u(q) a prime number?
True
Is 405477/18*(-5 - (-21)/3) composite?
False
Suppose 0 = -v - 404 + 446. Is 123144/15 + v/(-70) a prime number?
True
Let a = -238 + 530. Is (5 - 8/4) + a a composite number?
True
Suppose -43*q + 769535 = -473552. Is q composite?
False
Let j = -7 + 13. Let t = 134 - 131. Suppose -j*k - t*y = -3*k - 609, y = -5*k + 1023. Is k composite?
True
Suppose 24*j + 1205963 = 29*j + 4*s, 0 = -j - s + 241192. Is j composite?
True
Suppose 4*v - 31*l - 275868 = -35*l, -v + 68961 = 4*l. Is v composite?
True
Suppose -19577 = -4*h - 5*m, 3*h - 2*m = -6*m + 14682. Suppose 5*i - 13837 = h. Is 2/(-7) + 4/(28/i) a prime number?
False
Suppose 0 = 3*o - 6 - 9. Suppose -2*n + 8 = -o*p - 21, 0 = n + 2*p + 8. Is 1982/6 - 3/(-9)*n prime?
True
Let c = 874 - 429. Let s = c + 0. Is s composite?
True
Suppose 0 = 295*o - 292*o - 9. Let p = -3 - -6. Suppose -p*q + 7026 = o*q. Is q composite?
False
Let w(k) = -k**3 + 6*k**2 + 2*k - 9. Let a be w(6). Suppose y = -a*y + 3*n - 4, -2*y + 12 = 2*n. Suppose -233 - 149 = -y*l. Is l a prime number?
True
Suppose 4*u + 4*y - 170576 = 0, 12 - 15 = -y. Is u a prime number?
True
Let b = 1274 + -3669. Let o = b + 5048. Is o prime?
False
Suppose u - 13*j + 16*j - 16 = 0, 0 = -5*u + j + 16. Suppose -o + 63 = -0*o + t, 8 = -4*t. Suppose -k + o = u*k. Is k a composite number?
False
Suppose 1168*v + 1 - 129 = 1232*v. Let y(b) = -b**2 - b + 1. Let i(g) = -347*g**2 + 3*g - 8. Let s(h) = -2*i(h) - 14*y(h). Is s(v) composite?
True
Let h(p) = 7988*p - 4541. Is h(15) prime?
True
Suppose 31906060 = 21*z + 439*z. Is z a prime number?
False
Suppose -5*x + 0*x + 25 = 0. Suppose -x*z = -6*z + 297. Let g = -208 + z. Is g prime?
True
Suppose 688*m = 681*m + 63. Is (-9)/(-81) - (-5273)/m a composite number?
True
Let p = -1869 + 5026. Suppose 369 - p = -2*t. Suppose 0 = -0*b + 2*b - t. Is b a composite number?
True
Let h(r) = -13 + 0*r**3 + 197*r - 4*r**3 - 10*r**2 - 215*r + 6*r**2. Is h(-9) composite?
False
Suppose 5*d - 4*p = -64, 3*d - p + 31 + 6 = 0. Is (8 + (7 - 12))/(d/(-48572)) a composite number?
False
Let y(r) be the third derivative of r**6/40 + 11*r**5/60 + r**4/3 - 13*r**3/6 - 5*r**2 - 7. Is y(8) a composite number?
True
Is (-12)/42 - (-44731580)/35*12/48 a prime number?
True
Suppose -3*u = -y + 52, 0 = -5*u + 4*y - 6 - 90. Let t be (u/(-32))/((-1)/(-6)). Suppose -30 = t*k - 1935. Is k a prime number?
False
Let o(q) = 63*q - 1. Suppose -67 + 28 = -l + 4*v, 2*v + 4 = 0. Let p = l - 27. Is o(p) composite?
False
Suppose 4*k = -5*y - 4, 9*y + 8 = -k + 6*y. Suppose 3*l + 2*a = 5322, 4*a - a = 0. Suppose -l = -2*r + f, 905 = r - 0*f + k*f. Is r a composite number?
True
Let g(r) = 364*r**2 + 81*r - 214. Let q(n) = 121*n**2 + 27*n - 71. Let u(l) = 6*g(l) - 17*q(l). Is u(4) a prime number?
True
Let m(r) be the first derivative of -r**2 - 38*r - 34. Let v be m(-20). Suppose 843 = v*k + 5*a, 0 = -2*a + a + 5. Is k prime?
True
Suppose 0 = 3*v - 2*a - 1096395, -4*a + 11383 = -2*v + 742329. Is v composite?
False
Suppose -2 = 4*b - 22, h + 5*b - 32 = 0. Let g(r) = -169*r + 2285. Let v be g(12). Suppose 212 + v = h*d. Is d a composite number?
False
Let t(w) be the second derivative of -274*w**3 - 11*w**2/2 - 2*w - 97. Is t(-2) composite?
True
Let g(q) = 4*q**3 + 28*q**2 - 23*q - 10. Let t(m) = -9*m**3 - 57*m**2 + 48*m + 20. Let v(p) = 7*g(p) + 3*t(p). Is v(-19) prime?
False
Let p = 858628 + -198179. Is p a composite number?
False
Let y = 10361 - 3874. Is y a composite number?
True
Suppose -13 = -4*r + d, 34*r + 6 = 32*r - 2*d. Let p be 9/(-3)*106/(-3). Suppose p + 1512 = r*a. Is a a prime number?
True
Suppose -206*f + 47*f + 22692738 = -14487663. Is f prime?
False
Suppose -108*y - b + 2697009 = -103*y, 2157588 = 4*y - 4*b. Is y prime?
True
Let p = 199 - 37. Let w = p + 429. Suppose 2*i - 1469 = -w. Is i composite?
False
Let a(n) = n**3 - 13*n**2 + 15*n - 24. Let p = 31 - 19. Let j be a(p). Suppose -j*t = 3*t - 46425. Is t a composite number?
True
Is -1*(-2)/(-6) + (-115662442)/(-147) + -52 prime?
False
Let w be (-3*(-2)/8)/(14/(-56)). Is (9649/w*1)/(21/(-63)) a prime number?
True
Is (4 - 3)*-6 - (62 + -3)*-643 composite?
True
Suppose -2*m - 2 = 0, -49*s = -52*s - m + 584426. Is s composite?
False
Let u = 963 + -57. Let c = -107 + 113. Suppose -1572 = -c*j + u. Is j a composite number?
True
Let h = -147653 - -243358. Suppose 0 = -42*t + h + 40837. Is t a composite number?
False
Is 18/(72/(-12)) + 384974 composite?
True
Suppose -30 = i + 60. Let j = 84 + i. Is ((-266)/(-6) + 0)/((-2)/j) composite?
True
Let o = 22630 + 10469. Suppose 0 = -5*a + o - 6584. Is a prime?
True
Let t = 290 - 287. Suppose -5*r + 4*r - 3574 = -t*k, 0 = 5*k - 4*r - 5959. Is k a composite number?
True
Let h(o) be the first derivative of -o**4/4 - 4*o**3/3 + 5*o**2/2 - 15*o - 49. Is h(-13) composite?
True
Let s(m) = -m**2 - 7*m - 1. Let g be s(-6). Suppose -3*z + z - 2*q + 382 = 0, -g*z + 939 = q. Suppose -5*k = -2*x + 613, -k = x - z - 137. Is x a prime number?
False
Let r be ((-12)/14)/((-8)/(-56)). Let n be 30 - ((-2)/12 - 1/(-6)). Is 19595/n + 1/r composite?
False
Suppose -2*k + 20 = 4*i, -i + 12 = 2*i. Suppose 691 - 5330 = -k*w + 3*y, -2317 = -w + 4*y. Is w prime?
False
Is (-4)/(-16)*1795148 - 18 a prime number?
True
Suppose 111338 = 31*x - 401650. Let w = -5434 + x. Is w a prime number?
False
Suppose -34*m + 9134958 = 7*m + m. Is m composite?
False
Let d(a) = -132